?
2
What is the remainder when 7620 is divided by 43?
9
Calculate the remainder when 111608 is divided by 28.
0
Calculate the remainder when 2743 is divided by 1889.
854
Calculate the remainder when 3050 is divided by 584.
130
Calculate the remainder when 13106 is divided by 160.
146
What is the remainder when 60964 is divided by 25?
14
What is the remainder when 246062 is divided by 16?
14
Calculate the remainder when 8521 is divided by 4255.
11
Calculate the remainder when 36870 is divided by 461.
451
Calculate the remainder when 24488 is divided by 1540.
1388
What is the remainder when 27243 is divided by 3007?
180
What is the remainder when 6028 is divided by 116?
112
Calculate the remainder when 1966 is divided by 1893.
73
Calculate the remainder when 116 is divided by 14.
4
What is the remainder when 37046 is divided by 4629?
14
What is the remainder when 47006 is divided by 113?
111
Calculate the remainder when 1055022 is divided by 12.
6
What is the remainder when 29761 is divided by 42?
25
Calculate the remainder when 8198 is divided by 886.
224
What is the remainder when 632 is divided by 88?
16
What is the remainder when 23133 is divided by 16?
13
Calculate the remainder when 4084 is divided by 873.
592
What is the remainder when 1080313 is divided by 79?
67
Calculate the remainder when 4236 is divided by 63.
15
Calculate the remainder when 526194 is divided by 22.
20
Calculate the remainder when 2003606 is divided by 24.
14
Calculate the remainder when 126598 is divided by 27.
22
Calculate the remainder when 20775 is divided by 415.
25
Calculate the remainder when 2519 is divided by 351.
62
What is the remainder when 283120 is divided by 74?
70
What is the remainder when 1558489 is divided by 1039?
1028
Calculate the remainder when 3553 is divided by 364.
277
What is the remainder when 6979 is divided by 240?
19
Calculate the remainder when 21491 is divided by 52.
15
Calculate the remainder when 8039 is divided by 1835.
699
What is the remainder when 332346 is divided by 425?
421
Calculate the remainder when 47734 is divided by 27.
25
Calculate the remainder when 1009087 is divided by 59358.
1
Calculate the remainder when 2118 is divided by 266.
256
Calculate the remainder when 72750 is divided by 7271.
40
What is the remainder when 3314 is divided by 1599?
116
What is the remainder when 282239 is divided by 9?
8
Calculate the remainder when 3167 is divided by 200.
167
Calculate the remainder when 15001 is divided by 75.
1
Calculate the remainder when 1356566 is divided by 74.
72
What is the remainder when 26774 is divided by 1217?
0
What is the remainder when 225410 is divided by 75135?
5
Calculate the remainder when 569 is divided by 66.
41
What is the remainder when 81594 is divided by 938?
926
What is the remainder when 134639 is divided by 88?
87
Calculate the remainder when 553 is divided by 373.
180
Calculate the remainder when 2592 is divided by 325.
317
What is the remainder when 13884 is divided by 39?
0
What is the remainder when 6377 is divided by 6284?
93
Calculate the remainder when 3006 is divided by 39.
3
Calculate the remainder when 15198 is divided by 129.
105
What is the remainder when 33823 is divided by 6?
1
What is the remainder when 17744 is divided by 2897?
362
Calculate the remainder when 21645 is divided by 3.
0
What is the remainder when 80134 is divided by 1178?
30
What is the remainder when 29680 is divided by 108?
88
What is the remainder when 6742 is divided by 59?
16
What is the remainder when 166634 is divided by 2032?
10
Calculate the remainder when 4292 is divided by 329.
15
Calculate the remainder when 3316 is divided by 3299.
17
What is the remainder when 467 is divided by 213?
41
What is the remainder when 1449 is divided by 394?
267
What is the remainder when 18439 is divided by 758?
247
Calculate the remainder when 6972558 is divided by 80.
78
Calculate the remainder when 125291 is divided by 10440.
11
Calculate the remainder when 1054 is divided by 503.
48
Calculate the remainder when 47634 is divided by 350.
34
What is the remainder when 46815 is divided by 321?
270
Calculate the remainder when 4221 is divided by 2021.
179
Calculate the remainder when 95233 is divided by 324.
301
What is the remainder when 114003 is divided by 637?
617
Calculate the remainder when 7566 is divided by 329.
328
What is the remainder when 23533 is divided by 8?
5
Calculate the remainder when 5608 is divided by 246.
196
What is the remainder when 2101 is divided by 404?
81
What is the remainder when 23021 is divided by 7667?
20
Calculate the remainder when 1543 is divided by 159.
112
Calculate the remainder when 15107 is divided by 14905.
202
What is the remainder when 3053 is divided by 60?
53
Calculate the remainder when 176942 is divided by 169.
168
Calculate the remainder when 258538 is divided by 30.
28
What is the remainder when 3038 is divided by 974?
116
What is the remainder when 27477 is divided by 60?
57
Calculate the remainder when 568415 is divided by 9634.
9
What is the remainder when 8653 is divided by 580?
533
Calculate the remainder when 192460 is divided by 18.
4
Calculate the remainder when 32585 is divided by 123.
113
What is the remainder when 812023 is divided by 69?
31
Calculate the remainder when 6682 is divided by 108.
94
What is the remainder when 1077359 is divided by 15?
14
Calculate the remainder when 12263 is divided by 4061.
80
What is the remainder when 3222 is divided by 236?
154
Calculate the remainder when 401690 is divided by 17.
14
What is the remainder when 13011 is divided by 44?
31
What is the remainder when 142592 is divided by 83?
81
Calculate the remainder when 3053 is divided by 1392.
269
Calculate the remainder when 95998 is divided by 889.
875
What is the remainder when 274447 is divided by 135?
127
What is the remainder when 218200 is divided by 154?
136
Calculate the remainder when 8953 is divided by 53.
49
Calculate the remainder when 35634 is divided by 44.
38
Calculate the remainder when 1914 is divided by 999.
915
What is the remainder when 5446 is divided by 776?
14
Calculate the remainder when 998 is divided by 486.
26
Calculate the remainder when 39758 is divided by 284.
282
What is the remainder when 961 is divided by 692?
269
Calculate the remainder when 49287 is divided by 12277.
179
What is the remainder when 27280 is divided by 8583?
1531
Calculate the remainder when 35729 is divided by 124.
17
What is the remainder when 961 is divided by 87?
4
What is the remainder when 658341 is divided by 134?
133
What is the remainder when 9286 is divided by 28?
18
What is the remainder when 38357 is divided by 46?
39
Calculate the remainder when 54410 is divided by 592.
538
What is the remainder when 99504 is divided by 41?
38
What is the remainder when 295 is divided by 85?
40
Calculate the remainder when 4398 is divided by 390.
108
Calculate the remainder when 767 is divided by 15.
2
What is the remainder when 2972 is divided by 601?
568
Calculate the remainder when 25354 is divided by 2535.
4
What is the remainder when 153872 is divided by 51290?
2
Calculate the remainder when 10935 is divided by 255.
225
Calculate the remainder when 198068 is divided by 63.
59
Calculate the remainder when 111552 is divided by 138.
48
Calculate the remainder when 7711 is divided by 951.
103
What is the remainder when 26879 is divided by 384?
383
What is the remainder when 207083 is divided by 69012?
47
Calculate the remainder when 35722 is divided by 425.
22
Calculate the remainder when 43587 is divided by 374.
203
Calculate the remainder when 63928 is divided by 735.
718
What is the remainder when 813 is divided by 114?
15
Calculate the remainder when 11975 is divided by 378.
257
Calculate the remainder when 27523 is divided by 13717.
89
Calculate the remainder when 132575 is divided by 1457.
1445
Calculate the remainder when 2046 is divided by 27.
21
What is the remainder when 154857 is divided by 553?
17
What is the remainder when 28650 is divided by 19?
17
What is the remainder when 2729 is divided by 2668?
61
What is the remainder when 110197 is divided by 109?
107
Calculate the remainder when 5456 is divided by 30.
26
Calculate the remainder when 2503482 is divided by